mmon factor of o and k.
5
Let x be 0 - (-28)/(-6)*15. Suppose -164 = -2*s + 72. Let r = s + x. What is the highest common factor of 12 and r?
12
Let d = 173 - 87. Suppose 4*g + 74 = 3*k + 5*g, 5*g = 4*k - d. Calculate the greatest common divisor of k and 36.
12
Let h be 5*(9/5 + -1). Let i be ((-3)/2)/(3/(-8)). Let k be i/(-2)*(-2)/4. Calculate the highest common factor of k and h.
1
Suppose -5*h - 3*k = -73 - 167, 4*k = 2*h - 70. Calculate the greatest common divisor of 15 and h.
15
Suppose c - 3*c + 42 = 0. Suppose c = 5*f - 79. What is the highest common divisor of 60 and f?
20
Suppose 85 - 83 = -o. Let w = -1 - -1. Let x be (o/(-1 - w))/2. What is the highest common factor of 1 and x?
1
Let g(k) = k - 2. Let v be g(3). Suppose -v + 45 = -4*w. Let y = w - -15. Calculate the greatest common factor of 6 and y.
2
Let c(u) = -u**2 + 13. Let n be c(0). What is the greatest common divisor of n and 26?
13
Let w(g) be the second derivative of -11*g**3/6 - 2*g**2 + 2*g. Let a be w(-4). What is the highest common factor of a and 16?
8
Suppose 0*d = 4*d + 5*r - 108, 81 = 3*d + r. What is the greatest common factor of d and 189?
27
Let z(p) = 3*p. Let j be 60/21*(-14)/(-4). Let g be z(j). Suppose -2*m = 2, 5*m = -4*t + 9 + 26. What is the greatest common divisor of t and g?
10
Let w(k) = -k - 5. Let x be w(-11). Calculate the greatest common factor of 15 and x.
3
Suppose 0 = -2*o - o - 105. Let h be (18/15)/(-2)*o. Calculate the greatest common factor of h and 21.
21
Let i = 4 - 2. Suppose 420 = 3*j - 3*x + 48, i*x = 8. Calculate the highest common factor of 16 and j.
16
Let i = -2 + 5. Let p(o) = -i + o + 10 + 0. Let n be p(-6). What is the greatest common factor of 11 and n?
1
Let p = -51 - -61. Let k = -22 - -112. Calculate the highest common factor of p and k.
10
Let f = 28 + -6. Suppose 10*o - 2*a - 175 = 5*o, 3*o - 94 = -a. What is the highest common divisor of o and f?
11
Suppose -4*g + 56 = h + 3*h, -5*h - 2*g + 61 = 0. Suppose -2*q = -5*q. Suppose h = x - q*x. What is the greatest common factor of 121 and x?
11
Let r be (-3)/(-6) + (-3)/6. Suppose 5*g = 4*q + 7, 5*q = 3*g - r + 1. Let b be ((-3)/(-2))/(3/6). What is the highest common divisor of g and b?
3
Let q = -18 + 29. Suppose 2*u = u. Suppose -2*b + 342 = 4*h, -2*h - 3*b + 161 = -u*h. What is the greatest common factor of h and q?
11
Suppose 3*n = t - 17, 5*n = -4*t - 8 - 9. Let p = 0 + 3. Suppose 3*z - 4 = -2*q - 0, -p*z + 9 = -3*q. Calculate the highest common factor of t and z.
2
Suppose 0 = -2*b + 2*i - 32, 7*b + 5*i = 2*b - 70. Let m be b/(-6)*30/25. Calculate the highest common divisor of 3 and m.
3
Let u = -32 + 36. What is the highest common divisor of 44 and u?
4
Let x be 113/5 + 81/(-135). Suppose -r + 0 = 11. Let c = r + 22. What is the highest common divisor of x and c?
11
Let y be ((-1)/1)/(1/13). Let x = -3 - y. What is the highest common divisor of 80 and x?
10
Let j(v) = 13*v - 11. Let o(m) = 7*m - 5. Let c(r) = -6*j(r) + 11*o(r). Let f be c(10). Suppose -t + 18 = t. Calculate the highest common factor of t and f.
1
Let x(p) = -2 + 2*p - p + p**2 - 3 - 6*p. Let s be x(-2). What is the highest common divisor of s and 9?
9
Suppose 0 = -4*s + 4, 4*s - 62 - 10 = -4*w. Calculate the greatest common divisor of 17 and w.
17
Let j(f) = 12*f - 16. Let z be j(6). What is the highest common factor of z and 14?
14
Let h be (70/(-25))/(4/(-20)). What is the highest common factor of h and 2?
2
Let p = -26 + 30. What is the greatest common divisor of p and 16?
4
Let x(v) = v**2 - 8*v + 4. Let y be x(8). Suppose i - 13 - 4 = 0. Let j = y + i. What is the highest common factor of 7 and j?
7
Let s(c) = 3*c**2 - c - 2. Let d be s(2). Suppose -d*y - 2*t = -4*y - 10, -5*t = 5*y. What is the highest common factor of 2 and y?
1
Let p be (0 + -1 - -4) + 1. Suppose -y + 315 = y - 3*q, -p*y + 597 = 5*q. Let k be 15 - -1 - 1*-1. Calculate the highest common factor of y and k.
17
Let h be (2/(-3))/(16/(-48)). Let x(w) = w**3 - 5*w**2 - 4*w - 7. Let b be x(6). What is the greatest common factor of h and b?
1
Let o = 90 + -59. Calculate the highest common factor of 93 and o.
31
Let n(k) = -k**2 - 6*k - 1. Let m be n(-5). Let y be (-1)/(-4) + 14/8. Suppose -y*l + m = -6. What is the highest common divisor of l and 5?
5
Suppose 8 = -2*c + 4*c. Let w be 6/24*-4*(1 + -33). Calculate the highest common factor of c and w.
4
Suppose 6*o = 2*o + 28. Suppose -2*i + o*i = 80. Let z = i + -4. What is the highest common factor of 96 and z?
12
Suppose -6*i = 3*i - 99. What is the highest common divisor of i and 88?
11
Let u be 1497/21 - (-2)/(-7). Suppose -2 = -y - 1, 5*y = -3*a + u. Calculate the highest common factor of 154 and a.
22
Suppose 3*t + 6 = 3*g, -5*g + 5 = -10. Let w be (8 + t)/(0 - -1). Let y be 0 + 56/1 + -2. Calculate the greatest common divisor of w and y.
9
Let k(g) = -g**3 + 3*g + 3. Let p be k(-2). Suppose 125 = p*m - 0*m. Let x(y) = -7*y - 182. Let l be x(-51). What is the highest common divisor of m and l?
25
Suppose 2*v - 1 = 17. Calculate the highest common divisor of v and 72.
9
Let f(a) = -a**2 + 19*a - 31. Let j be f(15). Let o(i) = 3*i**2 + 7*i + 7. Let s be o(7). Calculate the highest common factor of j and s.
29
Let q = -24 - -40. What is the greatest common divisor of q and 2?
2
Let p be 1/(-2) + 133/14. Suppose 17 = 2*r - p. What is the highest common factor of 78 and r?
13
Let b be (-3)/(-9) - (-11)/3. Let f(r) = -5 - 2*r - 5 + 0*r. Let d be f(-9). What is the highest common divisor of d and b?
4
Let s(b) = -b**3 - 16*b**2 - 16*b - 6. Let t be s(-15). Calculate the greatest common divisor of 1 and t.
1
Let z = -337 + 508. What is the highest common factor of 19 and z?
19
Let s(q) = -q**3 + 13*q**2 - 8*q - 9. Let a be s(9). Calculate the greatest common factor of a and 27.
27
Suppose -4*c - 13 = 4*g - 3*g, 5*g = -c - 27. Let h = c + 5. Suppose -2*o - 2*t + 10 = o, -2*o = h*t. Calculate the highest common factor of 3 and o.
3
Suppose -3*j - 2 = o, -2*o = -4*j + j - 5. Let q be j/(-4) - 655/(-20). What is the highest common factor of 3 and q?
3
Let n be -51*(-1 - 2/(-3)). Let o(w) = w**2 - 4*w - 1. Let f be o(4). Let g be (-1365)/(-20) - f/(-4). Calculate the highest common factor of g and n.
17
Suppose 0 = -s + 3*s + 24. Let h be (92/s)/((-1)/3). Calculate the greatest common divisor of h and 69.
23
Suppose 2 + 1 = k + 2*f, 23 = 5*k + 2*f. Suppose -k*g - 550 = 165. Let u be g/(-3) - (-2)/6. What is the greatest common divisor of 6 and u?
6
Let x = -21 + 73. What is the highest common factor of 52 and x?
52
Let n be ((-28)/(-1 + -1))/1. Suppose -3*i + 105 = -0*i. What is the highest common divisor of n and i?
7
Suppose 22 - 10 = 4*k. Suppose -3*d - 5*z + 486 = -0*d, k*d + z = 486. Suppose -5*u + 72 = -18. What is the greatest common factor of d and u?
18
Let g(z) = -z**3 - 6*z**2 - 8*z - 4. Let p be g(-5). Calculate the highest common divisor of 187 and p.
11
Let x be 12/(-36)*(-52 + (1 - 3)). What is the highest common factor of x and 45?
9
Let c(j) = -j**3 - j**2 + 3*j - 4. Let l be c(-3). What is the highest common divisor of 20 and l?
5
Let s = -53 + 61. Calculate the highest common factor of s and 16.
8
Let u be (-178)/(-8) + 1/(-4). What is the highest common factor of u and 22?
22
Let p(j) = -j**2 - 8*j - 4. Let o be p(-3). What is the highest common factor of o and 33?
11
Let d = -101 + 110. What is the highest common factor of 6 and d?
3
Let t(s) = -19*s - 7. Let q be t(-6). Suppose 5*i = 3*d + d + q, -i + 16 = d. Let l = -7 + i. Calculate the greatest common factor of l and 8.
4
Let s = -99 - -110. Calculate the greatest common divisor of 99 and s.
11
Let x = -154 + 264. Suppose -x = -2*o + 52. Let r be -18*(2 + 5/(-2)). What is the greatest common factor of r and o?
9
Let z = 43 - 18. Let m(p) = -5*p**3 - 6*p**2 - p - 3. Let o be m(-4). Calculate the highest common factor of z and o.
25
Let c(n) = n + 4. Let d be c(8). Let w = 6 + -6. Suppose w = j - 4*j + 180. Calculate the highest common divisor of d and j.
12
Suppose -o + 4*o = -5*j + 38, j = -2*o + 9. What is the highest common divisor of 21 and j?
7
Suppose 5*r - 2*r - 386 = -5*h, -h = -1. Suppose -r - 203 = -5*f. Suppose 0 = 2*u - f - 42. What is the highest common divisor of u and 36?
18
Suppose -3*d = -5*r - 47